e (-1)/((-4)/6) - (-32)/64. Suppose -f*n + 15 - 23 = 0. What are the prime factors of 1 - n - (-4 - 9)?
2, 3
Let r(f) = -f**3 + 8*f**2 + 59*f + 11. Let n = 63 - 52. List the prime factors of r(n).
3, 11
Let p(c) = 10 + 4*c**2 + 2*c + c**3 + 5*c**2 + c - 1. Suppose -3*x - 41 = 5*s - 4*x, -3*x = 4*s + 29. List the prime factors of p(s).
7
Let h(u) = -2*u**3 - 13*u**2 - 19*u - 34. Let d = 182 - 190. List the prime factors of h(d).
2, 5, 31
Let s be (-84)/(-21) - (13 - 0). Let r be 34/s - (-6)/(-27) - -7. Suppose -812 = -5*w + 4*z, 0 = r*w + z - 521 + 27. List the prime factors of w.
2, 41
Let y = -10441 - -16751. List the prime factors of y.
2, 5, 631
Suppose -4*g + 134367 - 52591 = 0. List the prime factors of g.
2, 19, 269
Let j(k) = -k**2 + 5*k + 13. Let b be j(6). Suppose 11*c - b*c + 4 = 0. List the prime factors of (-3)/(-12)*c - (-145)/4.
2, 3
Let s = 64 - 60. Suppose 4*r = -a + 5199, 3*r + 8*a - 3909 = s*a. What are the prime factors of r?
3, 433
Suppose -v + 5*c + 41630 = 0, 2*c + 23466 = v - 18176. What are the prime factors of v?
2, 5, 7, 17
Let b(o) = 181*o - 196. Let z be b(5). Let k = -566 + z. What are the prime factors of k?
11, 13
Suppose -99 = -7*b - 2*b. Let g = 9 - b. Let r(x) = 19*x**2 + 3*x - 3. List the prime factors of r(g).
67
Let h = -479 + 1127. What are the prime factors of h?
2, 3
Let h = 6615 + -4439. List the prime factors of h.
2, 17
Let c = -200 - -205. Suppose -c*k + 9630 = 560. What are the prime factors of k?
2, 907
Suppose 4*s + 4*f + 784 = 0, -4*f + 5 - 1 = 0. Let p = 710 + s. List the prime factors of p.
3, 19
Let b = -129 - -134. Suppose 5*t + 84 - 1419 = -5*c, 1066 = 4*c + b*t. What are the prime factors of c?
269
Suppose -5*h + 3*h + 2*i + 12 = 0, -5*h = 4*i - 21. Suppose g - 18 = -h*g. Suppose 4*t + 906 = 2*c + 3*c, -2*c + g*t = -368. List the prime factors of c.
2, 89
Suppose 5*n - 40 = 4*p, -2*p + 5*n + 65 = -5*p. Let r = 202 - 157. Let c = p + r. List the prime factors of c.
2, 3, 5
Let u(a) = -a**3 - 32*a**2 + 124*a - 27. Let y be u(-36). Suppose -254*j + 261*j = y. What are the prime factors of j?
3, 11
List the prime factors of ((-294)/(-18) + -16)/(1/37053).
3, 23, 179
Suppose 18590 = 2*w + 6602. Suppose -3*a + w = 15*a. What are the prime factors of a?
3, 37
Let y = -22434 - -25884. What are the prime factors of y?
2, 3, 5, 23
Let r = 242 + 6632. What are the prime factors of r?
2, 7, 491
Let h be (4422/10 + (-4)/20)*1. Let s = -136 + h. What are the prime factors of s?
2, 3, 17
Let i(j) be the first derivative of 5*j**2/2 + 31*j - 40. List the prime factors of i(13).
2, 3
Let a = -17 + 32. List the prime factors of 3/27*-3 - (-7490)/a.
499
Let u = -349 - -753. Let g = 630 + u. What are the prime factors of g?
2, 11, 47
Suppose 2*q + 10 = 7*q. Suppose -6*s = 4*i - q*s - 156, 4*s + 20 = 0. Suppose i*d + 91 = 45*d. List the prime factors of d.
7, 13
Suppose 0 = i + 3*i - 392. Suppose 3*k + 2*v = i, -4 = -k - 4*v + 12. Let j = k + -20. What are the prime factors of j?
2
Let h(t) = 7*t**2 + 309*t + 727. List the prime factors of h(-124).
89, 787
Suppose 0 = -172*f + 160*f + 48468. What are the prime factors of f?
7, 577
Let g = -2 - -8. Let m be -28 - -30 - -2*2/4. What are the prime factors of (9/g)/(m/232)?
2, 29
Let u(r) = -r - 17. Let z be u(-16). What are the prime factors of 29121/(-255)*(-6 - (z - 0))?
571
Let h(s) = 9*s + 13. Let q be h(-7). Let k = 23 - q. What are the prime factors of k?
73
Let s = -27 + 29. Let k(q) be the third derivative of 11*q**6/60 + q**5/60 - q**4/24 - q**3/3 + q**2 + 1. List the prime factors of k(s).
2, 11
Let v(b) = 2*b**2 + 3*b + 1. Let g be v(-1). Let x be (-168)/21*(1 - g)*-1. Let h(y) = -y**3 + 9*y**2 - 5*y - 8. What are the prime factors of h(x)?
2
Suppose 24*h - 196 + 76 = 0. Let j(l) be the third derivative of l**6/120 - l**5/20 - 3*l**4/8 + l**3 - l**2. List the prime factors of j(h).
11
Let k(n) = -4*n**3 - 5*n**2 + 3*n + 39. Let d(f) = -4*f**3 - 5*f**2 + 4*f + 40. Let l(t) = -2*d(t) + 3*k(t). What are the prime factors of l(-6)?
5, 11, 13
Let i be (0 - (-8)/4) + 35. Let l = i + -35. Suppose 5*s - s + 5*k = 263, -5*s + 333 = l*k. What are the prime factors of s?
67
Suppose -12 = -25*b + 21*b. Suppose b*w - 6*w = -1713. What are the prime factors of w?
571
Let c = 639 + -636. Suppose -10*t + 2244 = -8*t + 3*j, 3359 = c*t + j. What are the prime factors of t?
3, 373
Let a = 4867 + 1181. What are the prime factors of a?
2, 3, 7
Let v(y) = y**3 - 3*y**2 - 2*y - 9. Let w be v(4). Let i be (-35)/(-11) + (-2)/(-11)*w. What are the prime factors of 4/1 + (i - -88)?
5, 19
Suppose 128 = -d + 124. List the prime factors of (-2)/1*618/d.
3, 103
List the prime factors of 2/(-2)*89872/(-48)*3.
41, 137
Let o be 6/(12/8 - 0). Let r be (-5 + o)*(-1885)/5. Suppose -127 = -4*x + r. List the prime factors of x.
2, 3, 7
Let s = -28 - -25. Let b be (133 + -2 - 1)*(-5 - s). Let r = -130 - b. What are the prime factors of r?
2, 5, 13
List the prime factors of (48*-2)/12 - -13 - (-52038)/2.
2, 3253
Suppose -h + 48 - 51 = 0. Let g = 5 + h. Suppose g*c = 5*j + 49, 0 = -c + 6*j - 4*j + 25. What are the prime factors of c?
3
Let t be 2/(-13) + 44520/(-455). Suppose 3*b - 277 = 272. Let c = t + b. What are the prime factors of c?
5, 17
Suppose 4*t + 20*p - 18*p - 66518 = 0, 4*t - 66521 = -5*p. List the prime factors of t.
3, 23, 241
Suppose 2*i + 3*v - 5 = 0, 13*i = 11*i - 4*v. What are the prime factors of i/(-90) - (-2035)/9?
2, 113
Suppose 5*r - 13*r = 17760. Let c = -1547 - r. What are the prime factors of c?
673
List the prime factors of (2 + 2)*((-390)/(-40))/((-6)/(-4934)).
13, 2467
Let s = -130601 - -183792. What are the prime factors of s?
43, 1237
Let m(x) = 2272*x**2 - 413*x - 2121. What are the prime factors of m(-5)?
2, 41, 173
Let l(i) = -7 + i + 11 - 2*i. Let v be l(-1). List the prime factors of (v + 21/2)*6.
3, 31
Suppose -4*n + 3*l = -15813, -n + 3854 = 4*l - 104. List the prime factors of n.
2, 3, 659
List the prime factors of 1/(-2)*(-1188004)/86.
6907
Let t(i) = -4*i - 19. Let s be t(-5). What are the prime factors of (944/(-24))/(s/(-18))?
2, 3, 59
Let n(g) = 4*g + 4630. List the prime factors of n(-39).
2, 2237
Suppose -4*o = 5*g - 26710 - 8812, 2*g = o + 14214. List the prime factors of g.
2, 11, 17, 19
Suppose -14 = 3*v - 20. Suppose -4675 = -5*q - 5*n + v*n, 0 = 4*n. List the prime factors of q.
5, 11, 17
Let y = 787 - 787. Suppose -41*d - 7805 + 71888 = y. What are the prime factors of d?
3, 521
Suppose -n + 0*n + 243 = 4*z, -z + 2*n = -54. Suppose -7*t + 5*t + 32 = 0. Let c = z - t. List the prime factors of c.
2, 11
Let b(t) = 5*t**2 + 88*t - 46. Let u(z) = -2*z**2 - 30*z + 16. Let l(n) = 3*b(n) + 8*u(n). What are the prime factors of l(10)?
2, 5, 13
Let j(i) = 14*i**2 - 26*i + 10. Let m be j(35). Suppose 0 = -11*c - 2*c + m. List the prime factors of c.
2, 5
Let g(i) = -13*i**3 + 3*i**2 - 31*i + 29. What are the prime factors of g(-8)?
3, 5, 19
Suppose -2*r = -b + 164, 4*b + 0*b - 16 = 0. Let l be (0 - -2796)/3 - 4. What are the prime factors of (0 - 5)*1*l/r?
2, 29
Let c be ((-18)/(-2))/3*(5 + -2). Let d(t) = t**3 - 8*t**2 - t + 19. Let n be d(c). Let b = n - 20. What are the prime factors of b?
71
Let g(v) = 2*v**2 - 16*v - 2643. What are the prime factors of g(-65)?
41, 167
Let b(d) = -2*d + 30. Let q be b(0). Let j be 4 + q/(9/(-3)). List the prime factors of (-2)/j*2/(2/129).
43
Suppose 3*b + 2*c - 160 - 427 = 0, 5*b - 977 = -4*c. Let n = b - -366. List the prime factors of n.
563
Suppose -59 = -j + 312. Suppose -43*m + 36*m + j = 0. List the prime factors of m.
53
Let w = 25203 - 25124. List the prime factors of w.
79
Suppose -2*c - q = -5 + 2, 7 = 4*c + 3*q. Let l(g) = -g**3 + g**2 - 1. Let n be l(c). List the prime factors of 213*(n - (-4)/3).
71
Suppose 235533 = 46*q - 205147. List the prime factors of q.
2, 5, 479
Let f be (-29 - -9)/(4/(-6)). What are the prime factors of (55/f)/11 + (-1613)/(-6)?
269
Suppose 6077 = 6*r - 10183. Suppose -i - 2720 = -5*a, 5*a - 3*i = -0*i + r. List the prime factors of a.
5, 109
Let g(v) = v**3 - 8*v**2 + 10*v - 5. Let d be g(7). Let l = d + -12. What are the prime factors of -1*l/(-14) + (-1028)/(-28)?
37
Let f(q) = 4*q**2 + 7*q + 13. Let r be f(-3). Suppose -5*s - 125 = -5*z, 0 = -2*z - 5*s + 99 - r. What